 + 8. Suppose -5*m - 5*d + 4*d + j = 0, 3*m - 57 = -4*d. Calculate the remainder when m is divided by x.
11
Let f(y) = 7*y + 1. Let m be f(1). Calculate the remainder when (m - 2)*(-4)/(-6) is divided by 2.
0
Suppose 0 = -v + 2*v, -2*c + 32 = 4*v. Calculate the remainder when 62 is divided by c.
14
Let a = 401 + -269. Let h be ((-444)/(-8))/((-9)/(-24)). Suppose -3*z + 4*f + h = 49, -4*f + a = 4*z. Calculate the remainder when z is divided by 9.
6
Let v(w) = -w**3 - 8*w**2 - 7*w - 9. Let b be v(-7). Let i = b + 18. Let a = i + 1. Calculate the remainder when 19 is divided by a.
9
Suppose 0*t - t + 8 = 0. Let z be t*((-6)/4 + 2). Suppose -3*y + 22 + 11 = s, 12 = -z*s. What is the remainder when 34 is divided by y?
10
Calculate the remainder when ((-40)/(-12) + 3)*3 is divided by 8.
3
Let c(s) = 3*s**2 + s - 3. What is the remainder when c(2) is divided by 4?
3
Let r = 11 + -9. Let m = -9 + 13. Calculate the remainder when m is divided by r.
0
Let n(z) = -7*z + 4*z - 1 + 5*z + 4*z. Calculate the remainder when n(11) is divided by 22.
21
Let y = 134 + -91. What is the remainder when y is divided by 16?
11
Suppose 0 = 4*b - 20, 0*v + 4*b + 60 = 4*v. Suppose 3*k = -0*k + 3*c + 33, -3*c = 12. Calculate the remainder when v is divided by k.
6
Let y be (11 - 0)*1/1. Let m be (-2)/(-11) - (-53)/y. Suppose -m*d - z + 135 = 0, 0*z + 5*z = 4*d - 137. What is the remainder when d is divided by 10?
8
Suppose -s + 21 + 12 = 0. Suppose -4*v + 48 = -0. What is the remainder when s is divided by v?
9
Let p = 46 + -9. Suppose q = 4*q. Calculate the remainder when p is divided by 14 - (0 - (-1 - q)).
11
Calculate the remainder when 46 is divided by 1 - (-7)/(-5) - 82/(-5).
14
Suppose 6*q + 40 = 4*i + 2*q, 0 = -2*i - q + 23. Let f(l) = l**2 + 3*l + 2. Calculate the remainder when f(4) is divided by i.
8
Suppose -4*g - 3*h = -6, h + 4 + 1 = g. Suppose 3*a = -3*v + 66, -g*a + 0*v = 4*v - 71. Calculate the remainder when a is divided by 5.
2
Suppose 5*u = -3*d - 0*u + 43, -4*u = 4. Calculate the remainder when 29 is divided by d.
13
Suppose 0 = 4*t - 112 - 44. What is the remainder when t is divided by 10?
9
Suppose -3*z + 7*z - 72 = -5*t, 49 = 5*z - 4*t. Calculate the remainder when (z/5 + -2)*5 is divided by 1.
0
What is the remainder when 88/((-2)/((-6)/6)) is divided by 15?
14
Suppose 0 = -4*r + j + 50, j - 32 = -3*r - j. Suppose -2*l + r = l. Calculate the remainder when l is divided by 2.
0
Suppose 12 = 2*o - 2*u - 0, 5*u - 33 = -2*o. Calculate the remainder when 69 is divided by o.
6
Let y(h) = h**2 - 6*h + 4. Let t(l) = l**3 + 2*l**2 + 2*l - 1. Let f be t(-2). What is the remainder when y(6) is divided by ((-4)/f)/((-4)/(-10))?
0
Let r(p) = 3*p**2 - 2*p - 5. Calculate the remainder when 172 is divided by r(4).
32
Let n(i) = -17*i - 2. Let l = 49 - 32. What is the remainder when n(-2) is divided by l?
15
Let a(o) = 7*o - 6. Let x(j) = -j + 6. What is the remainder when a(7) is divided by x(-5)?
10
Calculate the remainder when 160 is divided by -69*(20/(-6) - (-15 - -12)).
22
Let q(v) = 9*v - 6. Let t be q(4). Suppose 0 = -2*f + t. What is the remainder when 28 is divided by f?
13
Let r(q) = q + 9. Let f(h) = -h**3 + h**2 - h + 23. What is the remainder when f(0) is divided by r(4)?
10
Let t(o) be the second derivative of -o**6/120 - o**4/6 - o. Let p(l) be the third derivative of t(l). What is the remainder when 52 is divided by p(-3)?
16
Suppose -2*z = -5*z + 3*t, 0 = -4*t + 8. Suppose 0 = z*p - 10. Let l(o) = -o**3 - 11*o**2 - o + 1. Calculate the remainder when l(-11) is divided by p.
2
Suppose 2*j - 158 = -0*j. What is the remainder when j is divided by 20?
19
Suppose 4*h - 55 = 197. Calculate the remainder when h is divided by 22.
19
Let g = -3 + 2. Let f be (45/6)/(g/(-6)). Calculate the remainder when 52 is divided by 800/f - (-2)/9.
16
Let u(s) = s**3 - 1. Suppose -2*o = 3*o - 120. Suppose 2*z - o = 5*k, z - k = -4*z + 14. What is the remainder when 20 is divided by u(z)?
6
Let g = 19 - 9. What is the remainder when 13 is divided by 66/g - 6/(-15)?
6
Suppose -6 = -c - o, 5*c + 2*o - 3*o = 48. Calculate the remainder when 15 is divided by c.
6
Let r = -42 - -69. Calculate the remainder when r is divided by 6.
3
Let g = -20 + 35. Calculate the remainder when 42 is divided by g.
12
Let b be (-32)/12*(-6)/4. Let z(h) = -15*h**3 + 2*h + 1. What is the remainder when b/1*164/16 is divided by z(-1)?
13
Let w(j) = j**3 + 6*j**2 + j - 3. Calculate the remainder when 67 is divided by w(-5).
16
Suppose -z = u + 6, -2*u = -6*u - 5*z - 26. Let x = u + 4. Let d = 6 + x. What is the remainder when d is divided by 3?
0
Let j(p) = p - 1. Let b be j(3). Calculate the remainder when (0 - b)*(-19 - 2) is divided by 15.
12
Suppose 49 + 96 = 5*y. Suppose -3*s = -12 + 27. What is the remainder when (y - 0) + (-3 - s) is divided by 11?
9
Let a = -7 + 48. Calculate the remainder when a is divided by 22.
19
Let w = -9 - -21. Suppose -y - 2*t + 13 = 0, 2*y + 3*t - 7 = 15. Calculate the remainder when w is divided by y.
2
Let t be (-8)/(-4) - (-98 + 1). Suppose -5*o = c - t, -45 + 390 = 3*c + 3*o. What is the remainder when c is divided by 30?
29
Suppose 191 + 131 = 14*j. What is the remainder when 109 is divided by j?
17
Suppose -10 + 1 = -3*z, -3*z = 2*x - 39. Suppose 3*q + r - 21 = 0, 1 - 10 = -3*q + 3*r. What is the remainder when x is divided by q?
3
Let l be 1/((2 + -3)/43). Let a = l + 89. What is the remainder when a is divided by 24?
22
Suppose 5*z - 25 = 5*b, 0 = 4*z - b + 1 - 12. Suppose 5*h - 10 = -5*v, 4 = 5*h + 2*v - 12. Suppose -n + 5*n = h. What is the remainder when z is divided by n?
0
Let w(c) = -c**2 + 9*c - 12. Let v be w(10). Let h = v + 76. Calculate the remainder when h is divided by 19.
16
Let m(p) = -38 + 12*p + 38. What is the remainder when m(1) is divided by 2/3 + 38/6?
5
Let c = -62 + 83. What is the remainder when c is divided by (-1)/(2/(-24)) - 0?
9
Let w(a) = -a + 18. Suppose 0 = 3*t - f + 3*f - 11, 0 = -4*t - 2*f + 18. What is the remainder when w(0) is divided by t?
4
Let k = 31 - 15. Let c = -7 - 11. What is the remainder when k is divided by c/5*(-25)/10?
7
Suppose -3*c + 7 = -17. Suppose -2*u + 40 = -6. Calculate the remainder when u is divided by c.
7
Let i = -6 + 13. Calculate the remainder when i is divided by 2.
1
Let v(p) = p**3 - 10 + p + 16*p - 29*p + 7*p**2. What is the remainder when 64 is divided by v(-8)?
20
Let u = 0 - -6. Calculate the remainder when ((-19)/((-76)/(-120)))/((-4)/2) is divided by u.
3
Suppose 0 = -3*s + 5*s - 22. What is the remainder when 51 is divided by s?
7
Suppose 0 = -3*t - 3*a + 33, -5*t - 2*a = -4*a - 69. Suppose 3*c + 75 = 4*c. Suppose -y - 2*y = -c. What is the remainder when y is divided by t?
12
Let u = -96 - -147. Let i = 53 - 40. Calculate the remainder when u is divided by i.
12
Let v = -6 + 11. Suppose 2*n - 3*n = 4*j - 11, -5*n + 32 = -3*j. Let s = n - 5. Calculate the remainder when v is divided by s.
1
Let o = 43 + -18. What is the remainder when o is divided by 9?
7
Suppose 5*s - 146 + 36 = 0. Calculate the remainder when s is divided by 4.
2
Let l be -61 + (-5 - (3 + -5)). Let r = l - -110. Calculate the remainder when r is divided by 12.
10
Let n = -11 - -17. Let q(y) = 10*y + 7. Let v(z) = z**2 + 5*z + 3. Calculate the remainder when q(n) is divided by v(-7).
16
Let b = -11 - -23. Let a = -10 - 6. Let n = a + 63. Calculate the remainder when n is divided by b.
11
Let n(y) = 9*y + 1. Let w be n(3). Suppose 47 = 5*i - w. Calculate the remainder when i is divided by 4.
3
Suppose 5*s - 110 = -6*s. Let o(l) = -8*l + 3. What is the remainder when o(-4) is divided by s?
5
Suppose -2*w + 15 = 3*k, 5*k + 3 = 2*k. What is the remainder when w is divided by 4?
1
Suppose -1 - 7 = -u. Calculate the remainder when 5/((-20)/(-6) + -3) is divided by u.
7
Let s(y) = -32*y**3 + y**2 - 1. Suppose 2*j = -j - 24. Let m = 7 + j. Calculate the remainder when s(m) is divided by 11.
10
Suppose -10*x + 150 = -4*x. What is the remainder when x is divided by 13?
12
Suppose -4*c = -22 - 14. Let s(b) = -b**3 + 6*b**2 + 4*b - 7. Let l be s(6). Let t = l - c. Calculate the remainder when t is divided by 3.
2
Suppose 0 = -h - h + 116. What is the remainder when h is divided by 12?
10
Calculate the remainder when 22 + 